rmine t(3).
-7
Let f(c) = 2*c**3 - 38*c**2 - 40*c - 6. Calculate f(20).
-6
Let l(w) = w**2 - w + 1. Give l(0).
1
Let y(v) = -v**3 - 10*v**2 - 8*v + 17. What is y(-10)?
97
Let d(k) = -k**2 - k + 3. Calculate d(-2).
1
Let d(w) = -18*w - 17. Determine d(2).
-53
Let w(q) = -2*q**2 - 13*q + 12. Give w(-8).
-12
Let o(k) = -k**3 + 2*k**2 + 6*k + 2. Give o(4).
-6
Let u(v) = -v - 18. Calculate u(-22).
4
Let i(s) = -3*s + 14. Calculate i(5).
-1
Let r(s) = 3*s + 68. Calculate r(-20).
8
Let d(t) = -4*t**2 + 3*t + 2. What is d(-1)?
-5
Let v(p) = -p**3 + 14*p**2 + 3*p - 35. What is v(14)?
7
Let r(s) = 5*s**3 - 27*s**2 + 3. Determine r(5).
-47
Let z(x) = -x**2 - 5*x + 199. Give z(12).
-5
Let k(h) = -2*h**2 + 16*h - 12. Calculate k(7).
2
Let f(m) = -m**2 + 18*m + 46. What is f(20)?
6
Let n(z) = -z**2 + z - 3. Give n(4).
-15
Let c(w) = -2*w**2 + 4*w - 3. What is c(5)?
-33
Let c(w) = 8*w**2 - 11*w + 1. Determine c(4).
85
Let q(n) = n**2 + 1. Calculate q(-2).
5
Let o(j) = j**2 + j - 12. Give o(-5).
8
Let u(y) = 2*y**2 + 7*y + 47. Give u(0).
47
Let k(l) = 7*l - 156. Calculate k(22).
-2
Let c(a) = -a**3 - 20*a**2 + 32*a + 180. What is c(-21)?
-51
Let c(f) = 2*f + 47. Determine c(-19).
9
Let q(d) = -d + 29. What is q(10)?
19
Let x(z) = -z**2 + 15*z - 34. What is x(13)?
-8
Let n(w) = -2*w - 2. Determine n(5).
-12
Let j(m) = -2*m**2 - 20*m + 3. Determine j(-9).
21
Let p(v) = -v**2 + 8*v - 16. What is p(7)?
-9
Let b(a) = -4*a - 3. Determine b(3).
-15
Let q(a) = 2*a**3 + 105*a**2 - 51*a + 103. Determine q(-53).
-3
Let c(w) = w - 10. Determine c(6).
-4
Let d(q) = -q**2 - 19*q - 68. Calculate d(-14).
2
Let q(u) = -u**3 - 5*u**2 - 4*u - 4. Calculate q(-4).
-4
Let m(p) = p**3 - 13*p**2 - 15*p + 14. Determine m(14).
0
Let y(o) = 11*o + 73. Determine y(-13).
-70
Let g(z) = 13*z. Give g(1).
13
Let v(a) = -a**2 + 13*a - 5. Calculate v(13).
-5
Let v(r) = -r**2 + 13*r + 87. Calculate v(18).
-3
Let o(v) = 2*v - 5. What is o(-7)?
-19
Let f(r) = -r**2 + 9*r - 19. What is f(2)?
-5
Let m(k) = -k + 6. Calculate m(3).
3
Let y(x) = -x**3 + 7*x**2 + 10*x - 10. Give y(6).
86
Let p(b) = -2*b**2 - b - 1. What is p(-1)?
-2
Let m(l) = l**2 - 7*l - 18. Calculate m(9).
0
Let s(l) = l**2 - 5*l - 7. Give s(5).
-7
Let d(s) = -12*s - 12. What is d(5)?
-72
Let o(n) = -6*n + 116. Give o(20).
-4
Let k(d) = d - 26. Calculate k(19).
-7
Let g(a) = -5*a + 1. Give g(1).
-4
Let q(r) = -r**3 - 3*r**2 + r + 6. Calculate q(-5).
51
Let y(x) = -109*x**3 - x**2 + 2*x - 1. Calculate y(1).
-109
Let i(b) = 2*b**2 - 6*b - 24. Calculate i(6).
12
Let u(a) = a - 6. Calculate u(-5).
-11
Let p(f) = -f**2 + 7*f + 33. What is p(9)?
15
Let g(v) = 2*v**3 - 10*v**2 - 13*v + 1. What is g(6)?
-5
Let q(u) = 29*u - 434. Determine q(15).
1
Let g(i) = -11*i + 31. Determine g(0).
31
Let r(q) = 3*q**2 - 5*q + 1. Calculate r(4).
29
Let c(r) = -r**3 + 4*r**2 + 17*r - 58. What is c(5)?
2
Let x(b) = -3*b**3 + 3*b - 5. Calculate x(2).
-23
Let v(d) = 3*d. What is v(-5)?
-15
Let i(g) = 2*g**2 + 35*g - 281. Calculate i(6).
1
Let j(h) = -3*h - 111. What is j(-23)?
-42
Let y(c) = -16*c - 19. What is y(-1)?
-3
Let o(v) = -v**2 + 8*v + 19. Calculate o(10).
-1
Let q(b) = 2*b - 3. What is q(5)?
7
Let y(p) = -p**3 - 24*p**2 - 56*p - 258. Determine y(-22).
6
Let j(u) = u**2 + 12*u + 9. Determine j(-11).
-2
Let z(s) = -s**2 - 2*s - 69. Determine z(0).
-69
Let m(l) = l**2 + 19*l + 1. Give m(-19).
1
Let q(i) = 2*i**2 - 4*i - 8. Calculate q(0).
-8
Let q(j) = -j**3 - 6*j**2 - 3*j - 12. Determine q(-6).
6
Let o(h) = -9*h - 18. What is o(-2)?
0
Let d(r) = r**2 - 25*r - 7. Calculate d(25).
-7
Let q(j) = j**3 + 7*j**2 + j + 14. Determine q(-8).
-58
Let j(l) = -5*l**3 - 3*l**2 + 4*l - 3. Give j(2).
-47
Let g(r) = r**2 - 14*r - 26. What is g(-2)?
6
Let y(i) = -2*i**2 + 54*i + 27. Calculate y(27).
27
Let a(f) = -f**3 - f**2 + 3*f + 5. Calculate a(-3).
14
Let d(c) = c**2 - 6*c + 12. Give d(4).
4
Let k(q) = -q**3 + 7*q**2 - q - 30. Determine k(6).
0
Let x(d) = d**2 + 5*d - 15. Calculate x(-7).
-1
Let v(q) = -q**2 + 2*q - 4. Determine v(5).
-19
Let y(s) = s**3 - 14*s**2 + 14*s + 5. What is y(13)?
18
Let l(o) = -2*o**2 + 11*o - 6. What is l(6)?
-12
Let w(f) = -f**3 + 15*f**2 + 15*f + 17. Give w(16).
1
Let y(q) = q**3 - 5*q**2 - 2*q. Calculate y(5).
-10
Let o(n) = 9*n**3 - n**2 + 3*n - 2. Give o(3).
241
Let z(q) = -2*q**2 - 24*q + 9. Determine z(-13).
-17
Let p(q) = q**3 + 16*q**2 + 10*q + 164. Calculate p(-16).
4
Let z(q) = q**3 - 11*q**2 - 11*q - 7. Determine z(12).
5
Let z(a) = a**3 - 11*a**2 + 12*a - 12. Determine z(10).
8
Let w(y) = -2*y - 11. Determine w(-5).
-1
Let d(a) = -a**3 + 7*a**2 + 2*a - 7. Give d(7).
7
Let g(z) = -7*z + 25. Determine g(4).
-3
Let u(o) = o**2 + 6*o - 180. Give u(-17).
7
Let b(d) = -d**3 - 2*d**2 + 6*d + 8. Determine b(-4).
16
Let k(d) = -d**3 - 5*d**2 - 7*d - 10. What is k(-3)?
-7
Let w(x) = 5*x - 24. Give w(0).
-24
Let w(c) = 181*c + 1267. Determine w(-7).
0
Let g(a) = -5*a + 49. Give g(11).
-6
Let x(c) = c**3 - 8*c**2 + 9*c - 24. Determine x(7).
-10
Let g(d) = -2*d**2 - 28*d - 1. What is g(-11)?
65
Let t(g) = 2*g**3 + 5*g**2 + 4*g + 2. What is t(-3)?
-19
Let z(i) = -187*i - 182. Determine z(-1).
5
Let r(u) = -2*u**2 + 6. Determine r(-5).
-44
Let h(b) = -b**3 + 12*b**2 + 15*b - 14. Determine h(13).
12
Let x(h) = h**2 - 3*h - 1. Give x(4).
3
Let u(b) = 4*b - 14. Calculate u(7).
14
Let z(p) = p**2 - p - 12. Give z(5).
8
Let a(j) = 3*j**2 + 9*j - 3. Determine a(-4).
9
Let k(d) = 2*d**3 - 9*d**2 - d + 3. Calculate k(4).
-17
Let k(z) = z**2 - 2*z + 1. Give k(1).
0
Let z(n) = -36*n - 56. What is z(-2)?
16
Let k(h) = 56*h + 1. What is k(1)?
57
Let t(v) = -4*v + 46. Determine t(12).
-2
Let o(d) = -5*d + 4. Determine o(-1).
9
Let d(v) = -13*v - 27. Give d(-2).
-1
Let q(r) = 26*r**3 + 1. What is q(1)?
27
Let d(j) = 7*j - 2. Calculate d(-3).
-23
Let x(d) = -d**3 + 13*d**2 - 22*d + 5. What is x(11)?
5
Let d(s) = -s**3 + 28*s**2 - 53*s + 41. Determine d(26).
15
Let x(k) = k**2 + 2*k - 86. Determine x(-11).
13
Let i(s) = -s**3 - 20*s**2 + s + 19. Give i(-20).
-1
Let u(m) = m**3 - 20*m**2 - 22*m + 27. Calculate u(21).
6
Let w(c) = c**2 - 12*c - 4. Give w(13).
9
Let w(x) = -3*x**3 + 2*x - 1. Give w(2).
-21
Let y(m) = -m**3 - 3. What is y(-4)?
61
Let g(l) = 2*l**2 + 5*l - 11. Calculate g(-5).
14
Let s(p) = 12*p - 76. Determine s(7).
8
Let t(n) = -n**3 - n**2 - 6*n + 3. Give t(-3).
39
Let a(o) = -3*o**2 + 14*o - 6. Give a(4).
2
Let d(r) = r + 3. Give d(0).
3
Let s(h) = h**3 - 7*h**2 + 7*h - 8. Calculate s(6).
-2
Let d(y) = -y**3 - 10*y**2 - 10*y - 10. What is d(-9)?
-1
Let l(d) = 2*d**3 + 2*d**2 - 7*d + 6. Calculate l(1).
3
Let o(m) = -3*m + 41. Give o(-16).
89
Let n(w) = w**3 + w**2 - 13*w + 9. What is n(-6)?
-93
Let q(w) = w**3 + 10*w**2 + 9*w + 3. Give q(-9).
3
Let k(z) = z**3 + 4*z**2 + 3*z - 1. What is k(-3)?
-1
Let c(f) = f**2 + 49*f + 363. Calculate c(-9).
3
Let l(g) = -5*g - 27. What is l(-5)?
-2
Let p(x) = -2*x**2 - 1. Give p(1).
-3
Let v(q) = q**3 + 34*q**2 + 31*q - 64. Determine v(-33).
2
Let j(o) = 2*o**2 - 5*o + 5. What is j(-3)?
38
Let l(a) = 28*a. Give l(-2).
-56
Let w(b) = -2*b**2 - 44*b - 84. Give w(-19).
30
Let r(i) = -i**2 + 75. Give r(-9).
-6
Let t(x) = -6*x + 85. Give t(15).
-5
Let a(m) = -2*m + 16. What is a(-5)?
26
Let s(l) = 4*l + 73. Calculate s(-20).
-7
Let f(o) = -4*o**2 + 95*o + 19. Calculate f(24).
-5
Let x(m) = -3*m**3 - 3*m**2 - m + 2. Calculate x(-2).
16
Let p(c) = -2*c**3 - 10*c**2 + 10*c - 5. Determine p(-6).
7
Let g(v) = 10*v**2 + 2*v + 1. Give g(1).
13
Let g(z) = -z**3 + 11*z**2 + 28*z + 5. Calculate g(13).
31
Let p(z) = 2*z - 35. Calculate p(-11).
-57
Let i(o) = -o + 51. What is i(23)?
28
Let j(z) = z**3 - 5*z**2 - 9*z - 9. Calculate j(8).
111
Let b(t) = -65*t + 264. Determine b(4).
4
Let b(y) = y**2 - 9*y - 2. What is b(10)?
8
Let l(g) = -2*g**3 - 5*g**2 + 13*g + 2. Calculate l(-4).
-2
Let k(u) = -u**2 + 14*u - 30. What is k(11)?
3
Let x(k) = -2*k + 10. Give x(8).
-6
Let r(i) = i**3 + 13*i**2 + 12*i - 5. What is r(-12)?
-5
Let m(v) = 5*v**2 + 7*v - 5. Calculate m(3).
61
Let t(d) = 2*d**3 - 2*d**2 + 2*d - 1. What is t(2)?
11
Let t(i) = -i**2 - 2*i + 1. Determine t(-2).
1
Let f(k) = 46*k - 44. Give f(1).
2
Let b(y) = -y**2 + 11*y + 16. Give b(12).
4
Let r(l) = -17*l + 52. Give r(9).
-101
Let m(b) = -2*b**3 + 11*b